{"id":35,"date":"2013-11-07T18:05:07","date_gmt":"2013-11-07T18:05:07","guid":{"rendered":"https:\/\/visa-americana.com\/?page_id=35"},"modified":"2024-08-27T15:01:40","modified_gmt":"2024-08-27T20:01:40","slug":"visa-americana-home","status":"publish","type":"page","link":"https:\/\/www.ideaymedia.com.mx\/visa\/","title":{"rendered":"Visa Americana HOME"},"content":{"rendered":"<h1 class=\"blue justify-text\">Las Embajadas de los Estados Unidos emiten distintas visas dependiendo del caso particular de cada individuo.<\/h1>\r\n<h2 class=\"blue justify-text\">Los dos tipos de visa americana m\u00e1s comunes son las B1\/B2, visa de negocios o turista.<\/h2>\r\n<p class=\"justify-text\">Los extranjeros que deseen visitar los Estados Unidos por negocios y\/o turismo pueden ser elegibles para recibir una visa americana B1 (negocios) o B2 (turista).<\/p>\r\n<p class=\"justify-text\">Ambas visas son consideradas como \u201cvisas de visitante\u201d y son obligatorias para los ciudadanos de pa\u00edses que no est\u00e1n incluidos en el <a href=\"https:\/\/www.ideaymedia.com.mx\/visa\/programa-de-exencion-de-visa\">programa de exenci\u00f3n de visa<\/a><\/p>\r\n<p class=\"justify-text\">La visa americana B1 est\u00e1 dise\u00f1ada para viajes de negocios temporales, incluye viajes para la negociaci\u00f3n de contratos, asistir a exhibiciones y conferencias, entrenamientos cortos, consultas con proveedores y clientes, etc. La visa americana B2 est\u00e1 dise\u00f1ada para actividades tur\u00edsticas, tales como compras y turismo, visitar amigos y parientes, obtener tratamientos m\u00e9dicos, etc.<\/p>\r\nM\u00e1s informaci\u00f3n <a href=\"https:\/\/www.ideaymedia.com.mx\/visa\/solicitud-de-visa-estados-unidos\/\"><span class=\"underline\">aqu\u00ed.<\/span><\/a>\r\n\r\n&nbsp;\r\n<div class=\"border-grey610\"><a class=\"green\" href=\"https:\/\/www.ideaymedia.com.mx\/visa\/visa\/tramite-visa-americana\/\">VISA TURISTA B1\/B2\r\nCLIC AQU\u00cd<\/a>\r\n<p class=\"justify-text\"><strong>Elegibilidad y requisitos\u00a0para la solicitud de la visa americana de negocios o turista B1\/B2:<\/strong><\/p>\r\n<p class=\"justify-text\">Los solicitantes de visa B1 y B2 deben demostrar su intenci\u00f3n de entrar a E.U.A. por un per\u00edodo temporal, solamente con el prop\u00f3sito de atender viajes de negocios cortos y turismo. Los solicitantes deben demostrar tambi\u00e9n que cuentan con los fondos econ\u00f3micos necesarios para cubrir los gastos de su viaje durante su estad\u00eda en E.U.A.; as\u00ed como tambi\u00e9n lazos sociales, econ\u00f3micos, y de cualquier tipo en su pa\u00eds de origen para garantizar que el solicitante regrese despu\u00e9s de su visita legal y temporal.<\/p>\r\n<b>M\u00e1s informaci\u00f3n <a href=\"https:\/\/www.ideaymedia.com.mx\/visa\/solicitud-de-visa-estados-unidos\/\"><span class=\"underline\">aqu\u00ed.<\/span><\/a><\/b>\r\n\r\n<\/div>\r\n&nbsp;\r\n<div class=\"border-grey610\"><a class=\"green\" href=\"https:\/\/www.ideaymedia.com.mx\/visa\/tramite-renovacion-de-visa\/\">RENOVACI\u00d3N DE VISA\r\nCLIC AQU\u00cd<\/a>\r\n<p class=\"justify-text\"><strong>Elegibilidad y requisitos para la renovaci\u00f3n de la visa americana B1\/B2:<\/strong><\/p>\r\n<p class=\"justify-text\">Cualquier persona que anteriormente tuvo una visa americana v\u00e1lida o tiene una visa americana a punto de vencerse, tiene el derecho de solicitar una nueva visa de visitante para los Estados Unidos. El proceso para renovar la visa var\u00eda de acuerdo al individuo que la solicita, por lo que deber\u00e1 llenar el Formulario DS-160 y seguir las instrucciones especificadas. La mayor\u00eda de las Embajadas y Consulados de los EE.UU. cuentan con procedimientos acelerados especiales que est\u00e1n a disposici\u00f3n de los solicitantes que anteriormente tuvieron una visa v\u00e1lida o tienen una visa a punto de vencerse. Este proceso a veces se le conoce como <strong>&#8220;Procedimientos de Renovaci\u00f3n y Remisi\u00f3n de Visas&#8221;.<\/strong> Una de las principales ventajas de las renovaciones de visas es que el solicitante puede no estar en la obligaci\u00f3n de presentarse a la entrevista para la visa, especialmente si la persona ha tenido una visa americana durante varios a\u00f1os, ha entrado y salido varias veces de los Estados Unidos y nunca excedi\u00f3 su estad\u00eda en el pa\u00eds.<\/p>\r\n<b>M\u00e1s informaci\u00f3n <a href=\"https:\/\/www.ideaymedia.com.mx\/visa\/renovacion-de-visa\/\"><span class=\"underline\">aqu\u00ed.<\/span><\/a><\/b>\r\n\r\n<\/div>\r\n&nbsp;\r\n<div class=\"border-grey610\"><a class=\"green\" href=\"https:\/\/www.ideaymedia.com.mx\/visa\/tramite-visa-previamente-negada\/\">VISA \u00a0NEGADA \u00a0B1\/B2\r\nCLIC AQU\u00cd<\/a>\r\n<p class=\"justify-text\"><strong>Elegibilidad y requisitos para solicitar nuevamente la visa americana B1\/B2 si esta le fue negada:<\/strong><\/p>\r\n<p class=\"justify-text\">Si usted solicit\u00f3 la visa americana de turista o negocios B1\/B2 y su solicitud le fue rechazada, recuerde que\u00a0<b>NO<\/b>\u00a0es un rechazo permanente.\u00a0El <a href=\"https:\/\/www.usembassy.gov\/\">Gobierno<\/a> de los Estados Unidos le permitir\u00e1 aplicar nuevamente despu\u00e9s de 6 meses. Le recomendamos leer con atenci\u00f3n el programa Visa Americana Previamente Negada en Espa\u00f1ol, seguir las instrucciones y consejos descritos, ya que es muy probable que su visa americana le fue negada por la informaci\u00f3n que usted indic\u00f3 anteriormente en el llenado de su DS-160.<\/p>\r\n<b>M\u00e1s informaci\u00f3n <a href=\"https:\/\/www.ideaymedia.com.mx\/visa\/visa-previamente-negada\/\"><span class=\"underline\">aqu\u00ed.<\/span><\/a><\/b>\r\n\r\n<\/div>\r\n&nbsp;\r\n<p class=\"long justify-text\">Las tarifas y costos por efectuar la solicitud de la visa Americana pueden variar de acuerdo al territorio en que se realiza la petici\u00f3n y el tipo de visa que se est\u00e1 solicitando.<\/p>\r\n<p class=\"long justify-text\"><strong><span class=\"red\">Nota:<\/span><\/strong> Todos los solicitantes de la visa Americana, independientemente del programa o servicio contratado, tendr\u00e1n que costear el cargo por el procesamiento o derecho de solicitud y tr\u00e1mite de visa pago <strong>MRV, SIV o VAC<\/strong>, (dependiendo del territorio).<\/p>\r\n<p class=\"long justify-text\">Este pago no reembolsable es de $185 d\u00f3lares y se efect\u00faa directamente al Gobierno de los Estados Unidos.<\/p>\r\n<p class=\"long justify-text\"><strong><span class=\"red\">Nota:<\/span><\/strong> \u00danicamente en M\u00e9xico, los solicitantes menores de edad deber\u00e1n pagar una tarifa MRV de $17 d\u00f3lares, en lugar de la tarifa de $185 d\u00f3lares.<\/p>\r\n<p class=\"long justify-text\">Inicie su solicitud para la visa americana haciendo <a href=\"https:\/\/www.ideaymedia.com.mx\/visa\/visa\/tramite-visa-americana\/\"><span class=\"underline\"><strong>clic aqu\u00ed.<\/strong><\/span><\/a><\/p>","protected":false},"excerpt":{"rendered":"Las Embajadas de los Estados Unidos emiten distintas visas dependiendo del caso particular de cada individuo. Los dos tipos de visa americana m\u00e1s comunes son las B1\/B2, visa de negocios o turista. Los extranjeros que deseen visitar los Estados Unidos<span class=\"ellipsis\">&hellip;<\/span><div class=\"read-more\"><a href=\"https:\/\/www.ideaymedia.com.mx\/visa\/\">Read more &#8250;<\/a><\/div><!-- end of .read-more -->","protected":false},"author":3,"featured_media":0,"parent":0,"menu_order":6,"comment_status":"open","ping_status":"open","template":"template-home-2-.php","meta":{"footnotes":""},"class_list":["post-35","page","type-page","status-publish","hentry"],"yoast_head":"<!-- This site is optimized with the Yoast SEO plugin v26.5 - https:\/\/yoast.com\/wordpress\/plugins\/seo\/ -->\n<title>Visa Americana HOME - Visa Americana Asesoramiento Migratorio<\/title>\n<meta name=\"robots\" content=\"index, follow, max-snippet:-1, max-image-preview:large, max-video-preview:-1\" \/>\n<link rel=\"canonical\" href=\"https:\/\/www.ideaymedia.com.mx\/visa\/requisitos-para-tramitar-visa-a-eu\/\" \/>\n<meta property=\"og:locale\" content=\"en_US\" \/>\n<meta property=\"og:type\" content=\"article\" \/>\n<meta property=\"og:title\" content=\"Visa Americana HOME - Visa Americana Asesoramiento Migratorio\" \/>\n<meta property=\"og:description\" content=\"Las Embajadas de los Estados Unidos emiten distintas visas dependiendo del caso particular de cada individuo. Los dos tipos de visa americana m\u00e1s comunes son las B1\/B2, visa de negocios o turista. Los extranjeros que deseen visitar los Estados Unidos&hellip;Read more &#8250;\" \/>\n<meta property=\"og:url\" content=\"https:\/\/www.ideaymedia.com.mx\/visa\/requisitos-para-tramitar-visa-a-eu\/\" \/>\n<meta property=\"og:site_name\" content=\"Visa Americana Asesoramiento Migratorio\" \/>\n<meta property=\"article:modified_time\" content=\"2024-08-27T20:01:40+00:00\" \/>\n<meta name=\"twitter:label1\" content=\"Est. reading time\" \/>\n\t<meta name=\"twitter:data1\" content=\"4 minutes\" \/>\n<script type=\"application\/ld+json\" class=\"yoast-schema-graph\">{\"@context\":\"https:\/\/schema.org\",\"@graph\":[{\"@type\":\"WebPage\",\"@id\":\"https:\/\/www.ideaymedia.com.mx\/visa\/requisitos-para-tramitar-visa-a-eu\/\",\"url\":\"https:\/\/www.ideaymedia.com.mx\/visa\/requisitos-para-tramitar-visa-a-eu\/\",\"name\":\"Visa Americana HOME - Visa Americana Asesoramiento Migratorio\",\"isPartOf\":{\"@id\":\"https:\/\/www.ideaymedia.com.mx\/visa\/#website\"},\"datePublished\":\"2013-11-07T18:05:07+00:00\",\"dateModified\":\"2024-08-27T20:01:40+00:00\",\"breadcrumb\":{\"@id\":\"https:\/\/www.ideaymedia.com.mx\/visa\/requisitos-para-tramitar-visa-a-eu\/#breadcrumb\"},\"inLanguage\":\"en-US\",\"potentialAction\":[{\"@type\":\"ReadAction\",\"target\":[\"https:\/\/www.ideaymedia.com.mx\/visa\/requisitos-para-tramitar-visa-a-eu\/\"]}]},{\"@type\":\"BreadcrumbList\",\"@id\":\"https:\/\/www.ideaymedia.com.mx\/visa\/requisitos-para-tramitar-visa-a-eu\/#breadcrumb\",\"itemListElement\":[{\"@type\":\"ListItem\",\"position\":1,\"name\":\"Home\",\"item\":\"https:\/\/www.ideaymedia.com.mx\/visa\/requisitos-para-tramitar-visa-a-eu\/\"},{\"@type\":\"ListItem\",\"position\":2,\"name\":\"Requisitos para tramitar visa a EU\"}]},{\"@type\":\"WebSite\",\"@id\":\"https:\/\/www.ideaymedia.com.mx\/visa\/#website\",\"url\":\"https:\/\/www.ideaymedia.com.mx\/visa\/\",\"name\":\"Visa Americana Asesoramiento Migratorio\",\"description\":\"Visa Americana Asesoramiento Migratorio\",\"publisher\":{\"@id\":\"https:\/\/www.ideaymedia.com.mx\/visa\/#organization\"},\"potentialAction\":[{\"@type\":\"SearchAction\",\"target\":{\"@type\":\"EntryPoint\",\"urlTemplate\":\"https:\/\/www.ideaymedia.com.mx\/visa\/?s={search_term_string}\"},\"query-input\":{\"@type\":\"PropertyValueSpecification\",\"valueRequired\":true,\"valueName\":\"search_term_string\"}}],\"inLanguage\":\"en-US\"},{\"@type\":\"Organization\",\"@id\":\"https:\/\/www.ideaymedia.com.mx\/visa\/#organization\",\"name\":\"Visa Americana\",\"url\":\"https:\/\/www.ideaymedia.com.mx\/visa\/\",\"logo\":{\"@type\":\"ImageObject\",\"inLanguage\":\"en-US\",\"@id\":\"https:\/\/www.ideaymedia.com.mx\/visa\/#\/schema\/logo\/image\/\",\"url\":\"https:\/\/www.ideaymedia.com.mx\/visa\/wp-content\/uploads\/2015\/02\/Escudo-Visa-Americana.gif\",\"contentUrl\":\"https:\/\/www.ideaymedia.com.mx\/visa\/wp-content\/uploads\/2015\/02\/Escudo-Visa-Americana.gif\",\"width\":165,\"height\":165,\"caption\":\"Visa Americana\"},\"image\":{\"@id\":\"https:\/\/www.ideaymedia.com.mx\/visa\/#\/schema\/logo\/image\/\"}}]}<\/script>\n<!-- \/ Yoast SEO plugin. -->","yoast_head_json":{"title":"Visa Americana HOME - Visa Americana Asesoramiento Migratorio","robots":{"index":"index","follow":"follow","max-snippet":"max-snippet:-1","max-image-preview":"max-image-preview:large","max-video-preview":"max-video-preview:-1"},"canonical":"https:\/\/www.ideaymedia.com.mx\/visa\/requisitos-para-tramitar-visa-a-eu\/","og_locale":"en_US","og_type":"article","og_title":"Visa Americana HOME - Visa Americana Asesoramiento Migratorio","og_description":"Las Embajadas de los Estados Unidos emiten distintas visas dependiendo del caso particular de cada individuo. Los dos tipos de visa americana m\u00e1s comunes son las B1\/B2, visa de negocios o turista. Los extranjeros que deseen visitar los Estados Unidos&hellip;Read more &#8250;","og_url":"https:\/\/www.ideaymedia.com.mx\/visa\/requisitos-para-tramitar-visa-a-eu\/","og_site_name":"Visa Americana Asesoramiento Migratorio","article_modified_time":"2024-08-27T20:01:40+00:00","twitter_misc":{"Est. reading time":"4 minutes"},"schema":{"@context":"https:\/\/schema.org","@graph":[{"@type":"WebPage","@id":"https:\/\/www.ideaymedia.com.mx\/visa\/requisitos-para-tramitar-visa-a-eu\/","url":"https:\/\/www.ideaymedia.com.mx\/visa\/requisitos-para-tramitar-visa-a-eu\/","name":"Visa Americana HOME - Visa Americana Asesoramiento Migratorio","isPartOf":{"@id":"https:\/\/www.ideaymedia.com.mx\/visa\/#website"},"datePublished":"2013-11-07T18:05:07+00:00","dateModified":"2024-08-27T20:01:40+00:00","breadcrumb":{"@id":"https:\/\/www.ideaymedia.com.mx\/visa\/requisitos-para-tramitar-visa-a-eu\/#breadcrumb"},"inLanguage":"en-US","potentialAction":[{"@type":"ReadAction","target":["https:\/\/www.ideaymedia.com.mx\/visa\/requisitos-para-tramitar-visa-a-eu\/"]}]},{"@type":"BreadcrumbList","@id":"https:\/\/www.ideaymedia.com.mx\/visa\/requisitos-para-tramitar-visa-a-eu\/#breadcrumb","itemListElement":[{"@type":"ListItem","position":1,"name":"Home","item":"https:\/\/www.ideaymedia.com.mx\/visa\/requisitos-para-tramitar-visa-a-eu\/"},{"@type":"ListItem","position":2,"name":"Requisitos para tramitar visa a EU"}]},{"@type":"WebSite","@id":"https:\/\/www.ideaymedia.com.mx\/visa\/#website","url":"https:\/\/www.ideaymedia.com.mx\/visa\/","name":"Visa Americana Asesoramiento Migratorio","description":"Visa Americana Asesoramiento Migratorio","publisher":{"@id":"https:\/\/www.ideaymedia.com.mx\/visa\/#organization"},"potentialAction":[{"@type":"SearchAction","target":{"@type":"EntryPoint","urlTemplate":"https:\/\/www.ideaymedia.com.mx\/visa\/?s={search_term_string}"},"query-input":{"@type":"PropertyValueSpecification","valueRequired":true,"valueName":"search_term_string"}}],"inLanguage":"en-US"},{"@type":"Organization","@id":"https:\/\/www.ideaymedia.com.mx\/visa\/#organization","name":"Visa Americana","url":"https:\/\/www.ideaymedia.com.mx\/visa\/","logo":{"@type":"ImageObject","inLanguage":"en-US","@id":"https:\/\/www.ideaymedia.com.mx\/visa\/#\/schema\/logo\/image\/","url":"https:\/\/www.ideaymedia.com.mx\/visa\/wp-content\/uploads\/2015\/02\/Escudo-Visa-Americana.gif","contentUrl":"https:\/\/www.ideaymedia.com.mx\/visa\/wp-content\/uploads\/2015\/02\/Escudo-Visa-Americana.gif","width":165,"height":165,"caption":"Visa Americana"},"image":{"@id":"https:\/\/www.ideaymedia.com.mx\/visa\/#\/schema\/logo\/image\/"}}]}},"_links":{"self":[{"href":"https:\/\/www.ideaymedia.com.mx\/visa\/wp-json\/wp\/v2\/pages\/35","targetHints":{"allow":["GET"]}}],"collection":[{"href":"https:\/\/www.ideaymedia.com.mx\/visa\/wp-json\/wp\/v2\/pages"}],"about":[{"href":"https:\/\/www.ideaymedia.com.mx\/visa\/wp-json\/wp\/v2\/types\/page"}],"author":[{"embeddable":true,"href":"https:\/\/www.ideaymedia.com.mx\/visa\/wp-json\/wp\/v2\/users\/3"}],"replies":[{"embeddable":true,"href":"https:\/\/www.ideaymedia.com.mx\/visa\/wp-json\/wp\/v2\/comments?post=35"}],"version-history":[{"count":3,"href":"https:\/\/www.ideaymedia.com.mx\/visa\/wp-json\/wp\/v2\/pages\/35\/revisions"}],"predecessor-version":[{"id":4922,"href":"https:\/\/www.ideaymedia.com.mx\/visa\/wp-json\/wp\/v2\/pages\/35\/revisions\/4922"}],"wp:attachment":[{"href":"https:\/\/www.ideaymedia.com.mx\/visa\/wp-json\/wp\/v2\/media?parent=35"}],"curies":[{"name":"wp","href":"https:\/\/api.w.org\/{rel}","templated":true}]}}