{"id":2274,"date":"2015-04-29T11:23:37","date_gmt":"2015-04-29T16:23:37","guid":{"rendered":"https:\/\/visa-americana.com\/?page_id=2274"},"modified":"2023-08-11T14:23:35","modified_gmt":"2023-08-11T19:23:35","slug":"costo-visa-americana","status":"publish","type":"page","link":"https:\/\/www.ideaymedia.com.mx\/visa\/costo-visa-americana\/","title":{"rendered":"Costo visa americana"},"content":{"rendered":"<h1 class= \"blue\">Tarifas y costos<\/h1>\r\n\r\nLas tarifas y costos por efectuar la solicitud de la Visa Americana pueden variar de acuerdo al territorio en que se realiza la petici\u00f3n y el tipo de visa que se est\u00e1 solicitando.\r\n\r\n<h4 class= \"red\">Caracter\u00edsticas, tarifas y costos:<\/h4>\r\n\r\n<div class=\"wrapper\">\r\n<div class=\"table\">\r\n<div class=\"row header blue\">\r\n<div class=\"cell\" style=\"width: 400px;\">Tarifas y costos<\/div>\r\n<div class=\"cell\" style=\"width: 100px;\">Sitio visa-americana.com<\/div>\r\n<div class=\"cell\" style=\"width: 100px;\">Sitio web .gov<\/div>\r\n<\/div>\r\n<div class=\"row\">\r\n<div class=\"cell\">Pago MRV o tarifa de visa<\/div>\r\n<div class=\"cell\">$185<\/div>\r\n<div class=\"cell\">$185.00<\/div>\r\n<\/div>\r\n<div class=\"row\">\r\n<div class=\"cell\">Pago MRV p\/ menores (pa\u00edses participantes)<\/div>\r\n<div class=\"cell\">$17<\/div>\r\n<div class=\"cell\">$17.00<\/div>\r\n<\/div>\r\n<div class=\"row\">\r\n<div class=\"cell\">Programa Visa Americana B1\/B2 en espa\u00f1ol<\/div>\r\n<div class=\"cell\">$69<\/div>\r\n<div class=\"cell\">No disponible<\/div>\r\n<\/div>\r\n<div class=\"row\">\r\n<div class=\"cell\">Programa Renovaci\u00f3n de visa en espa\u00f1ol<\/div>\r\n<div class=\"cell\">$67<\/div>\r\n<div class=\"cell\">No disponible<\/div>\r\n<\/div>\r\n<div class=\"row\">\r\n<div class=\"cell\">Programa Visa Americana previamente negada<\/div>\r\n<div class=\"cell\">$77<\/div>\r\n<div class=\"cell\">No disponible<\/div>\r\n<\/div>\r\n<div class=\"row\">\r\n<div class=\"cell\">Tr\u00e1mite con un experto<\/div>\r\n<div class=\"cell\">$139<\/div>\r\n<div class=\"cell\">No disponible<\/div>\r\n<\/div>\r\n<div class=\"row\">\r\n<div class=\"cell\">Tr\u00e1mite con un experto Renovaci\u00f3n<\/div>\r\n<div class=\"cell\">$129<\/div>\r\n<div class=\"cell\">No disponible<\/div>\r\n<\/div>\r\n<div class=\"row\">\r\n<div class=\"cell\">Tr\u00e1mite con un experto previamente negada<\/div>\r\n<div class=\"cell\">$159<\/div>\r\n<div class=\"cell\">No disponible<\/div>\r\n<\/div>\r\n<div class=\"row\">\r\n<div class=\"cell\">Tr\u00e1mite con un experto expr\u00e9s (servicio en 24 horas)<\/div>\r\n<div class=\"cell\">$199<\/div>\r\n<div class=\"cell\">No disponible<\/div>\r\n<\/div>\r\n<\/div>\r\n<div class=\"table\">\r\n<div class=\"row header blue\">\r\n<div class=\"cell\" style=\"width: 400px;\">Caracter\u00edsticas y Servicios<\/div>\r\n<div class=\"cell\" style=\"width: 100px;\">Sitio visa-americana.com<\/div>\r\n<div class=\"cell\" style=\"width: 100px;\">Sitio web .gov<\/div>\r\n<\/div>\r\n<div class=\"row\">\r\n<div class=\"cell\">Indicaciones 100% en espa\u00f1ol<\/div>\r\n<div class=\"cell\">Incluido<\/div>\r\n<div class=\"cell\">No disponible<\/div>\r\n<\/div>\r\n<div class=\"row\">\r\n<div class=\"cell\">Soporte v\u00eda email 24\/7<\/div>\r\n<div class=\"cell\">Incluido<\/div>\r\n<div class=\"cell\">No disponible<\/div>\r\n<\/div>\r\n<div class=\"row\">\r\n<div class=\"cell\">Acceso directo a todas las formas necesarias<\/div>\r\n<div class=\"cell\">Incluido<\/div>\r\n<div class=\"cell\">No disponible<\/div>\r\n<\/div>\r\n<div class=\"row\">\r\n<div class=\"cell\">Plantillas en espa\u00f1ol<\/div>\r\n<div class=\"cell\">Incluido<\/div>\r\n<div class=\"cell\">No disponible<\/div>\r\n<\/div>\r\n<div class=\"row\">\r\n<div class=\"cell\">Herramienta para llenado de Formularios<\/div>\r\n<div class=\"cell\">Incluido<\/div>\r\n<div class=\"cell\">No disponible<\/div>\r\n<\/div>\r\n<div class=\"row\">\r\n<div class=\"cell\">Acceso directo al Formulario DS-160 (todos los pa\u00edses)<\/div>\r\n<div class=\"cell\">Incluido<\/div>\r\n<div class=\"cell\">Disponible<\/div>\r\n<\/div>\r\n<div class=\"row\">\r\n<div class=\"cell\">Acceso directo a la ficha de pago MRV<\/div>\r\n<div class=\"cell\">Incluido<\/div>\r\n<div class=\"cell\">Incluido<\/div>\r\n<\/div>\r\n<div class=\"row\">\r\n<div class=\"cell\">Acceso directo al Formulario CAS (pa\u00edses participantes)<\/div>\r\n<div class=\"cell\">Incluido<\/div>\r\n<div class=\"cell\">No disponible<\/div>\r\n<\/div>\r\n<div class=\"row\">\r\n<div class=\"cell\">Acceso directo al Formulario VAC (pa\u00edses participantes)<\/div>\r\n<div class=\"cell\">Incluido<\/div>\r\n<div class=\"cell\">No disponible<\/div>\r\n<\/div>\r\n<div class=\"row\">\r\n<div class=\"cell\">Acceso directo al Formulario SIV (pa\u00edses participantes)<\/div>\r\n<div class=\"cell\">Incluido<\/div>\r\n<div class=\"cell\">No disponible<\/div>\r\n<\/div>\r\n<div class=\"row\">\r\n<div class=\"cell\">Tramite con un experto<\/div>\r\n<div class=\"cell\">Disponible<\/div>\r\n<div class=\"cell\">No disponible<\/div>\r\n<\/div>\r\n<div class=\"row\">\r\n<div class=\"cell\">Tramite con un experto expr\u00e9s (servicio en 24 horas)<\/div>\r\n<div class=\"cell\">Disponible<\/div>\r\n<div class=\"cell\">No disponible<\/div>\r\n<\/div>\r\n<\/div>\r\n<\/div>\r\n<strong><span style=\"color: #800000;\">Nota:<\/span><\/strong> Todos los solicitantes de la Visa Americana, independientemente del programa o servicio contratado, tendr\u00e1n que costear el cargo por el procesamiento o derecho de solicitud y tr\u00e1mite de visa (<strong>pago MRV, SIV o VAC, seg\u00fan el territorio<\/strong>).<\/p>\r\n<p class=\"justify-text\">El pago MRV, SIV o VAC es de $160 d\u00f3lares, no es reembolsable y se efect\u00faa directamente al gobierno de los Estados Unidos.<\/p>\r\n<strong><span style=\"color: #800000;\">Nota:<\/span><\/strong> \u00danicamente en M\u00e9xico, los solicitantes menores de edad deber\u00e1n pagar una tarifa MRV de $17 d\u00f3lares, en lugar de la tarifa de $160 d\u00f3lares.<\/p>\r\n<p class=\"justify-text\">Existen tres alternativas en las que podr\u00e1 realizar su abono:<\/p>\r\n\r\n<ul>\r\n\t<ul class=\"bullets\" class=\"justify-text\"><li>En l\u00ednea o por internet:<br>\r\nUsted tendr\u00e1 la opci\u00f3n de realizar dicho pago mediante el uso de su tarjeta de cr\u00e9dito o d\u00e9bito.<\/li>\r\n<br>\r\n<li>V\u00eda telef\u00f3nica,(\u00fanicamente pa\u00edses participantes).<br>\r\nSer\u00e1 necesario que tenga a la mano una tarjeta de cr\u00e9dito o d\u00e9bito Visa, MasterCard o American Express para realizar el pago.<\/li>\r\n<br>\r\n<li>En el banco.<br>\r\nEn el banco que le indique su ficha o planilla de dep\u00f3sito, usted podr\u00e1 realizar el abono en efectivo o con su tarjeta de cr\u00e9dito o d\u00e9bito Visa, MasterCard o American Express.<\/li>\r\n<\/ul>\r\n<p class=\"justify-text\">Inicie su solicitud para la visa americana haciendo <a href=\"https:\/\/www.ideaymedia.com.mx\/visa\/visa\/tramite-visa-americana\/\"><strong>clic aqu\u00ed.<\/strong><\/p>","protected":false},"excerpt":{"rendered":"Tarifas y costos Las tarifas y costos por efectuar la solicitud de la Visa Americana pueden variar de acuerdo al territorio en que se realiza la petici\u00f3n y el tipo de visa que se est\u00e1 solicitando. Caracter\u00edsticas, tarifas y costos:<span class=\"ellipsis\">&hellip;<\/span><div class=\"read-more\"><a href=\"https:\/\/www.ideaymedia.com.mx\/visa\/costo-visa-americana\/\">Read more &#8250;<\/a><\/div><!-- end of .read-more -->","protected":false},"author":3,"featured_media":0,"parent":0,"menu_order":0,"comment_status":"closed","ping_status":"closed","template":"template-single-nosidebar-minimal.php","meta":{"footnotes":""},"class_list":["post-2274","page","type-page","status-publish","hentry"],"yoast_head":"<!-- This site is optimized with the Yoast SEO plugin v26.5 - https:\/\/yoast.com\/wordpress\/plugins\/seo\/ -->\n<title>Costo visa americana | Visa Estados Unidos<\/title>\n<meta name=\"description\" content=\"Para saber el costo visa americana y conocer el nuevo programa Visa Americana en espa\u00f1ol, haga clic aqu\u00ed para mas informacion y para efectuar su solicitud.\" \/>\n<meta name=\"robots\" content=\"index, follow, max-snippet:-1, max-image-preview:large, max-video-preview:-1\" \/>\n<link rel=\"canonical\" href=\"https:\/\/www.ideaymedia.com.mx\/visa\/costo-visa-americana\/\" \/>\n<meta property=\"og:locale\" content=\"en_US\" \/>\n<meta property=\"og:type\" content=\"article\" \/>\n<meta property=\"og:title\" content=\"Costo visa americana | Visa Estados Unidos\" \/>\n<meta property=\"og:description\" content=\"Para saber el costo visa americana y conocer el nuevo programa Visa Americana en espa\u00f1ol, haga clic aqu\u00ed para mas informacion y para efectuar su solicitud.\" \/>\n<meta property=\"og:url\" content=\"https:\/\/www.ideaymedia.com.mx\/visa\/costo-visa-americana\/\" \/>\n<meta property=\"og:site_name\" content=\"Visa Americana Asesoramiento Migratorio\" \/>\n<meta property=\"article:modified_time\" content=\"2023-08-11T19:23:35+00:00\" \/>\n<meta name=\"twitter:label1\" content=\"Est. reading time\" \/>\n\t<meta name=\"twitter:data1\" content=\"2 minutes\" \/>\n<script type=\"application\/ld+json\" class=\"yoast-schema-graph\">{\"@context\":\"https:\/\/schema.org\",\"@graph\":[{\"@type\":\"WebPage\",\"@id\":\"https:\/\/www.ideaymedia.com.mx\/visa\/costo-visa-americana\/\",\"url\":\"https:\/\/www.ideaymedia.com.mx\/visa\/costo-visa-americana\/\",\"name\":\"Costo visa americana | Visa Estados Unidos\",\"isPartOf\":{\"@id\":\"https:\/\/www.ideaymedia.com.mx\/visa\/#website\"},\"datePublished\":\"2015-04-29T16:23:37+00:00\",\"dateModified\":\"2023-08-11T19:23:35+00:00\",\"description\":\"Para saber el costo visa americana y conocer el nuevo programa Visa Americana en espa\u00f1ol, haga clic aqu\u00ed para mas informacion y para efectuar su solicitud.\",\"breadcrumb\":{\"@id\":\"https:\/\/www.ideaymedia.com.mx\/visa\/costo-visa-americana\/#breadcrumb\"},\"inLanguage\":\"en-US\",\"potentialAction\":[{\"@type\":\"ReadAction\",\"target\":[\"https:\/\/www.ideaymedia.com.mx\/visa\/costo-visa-americana\/\"]}]},{\"@type\":\"BreadcrumbList\",\"@id\":\"https:\/\/www.ideaymedia.com.mx\/visa\/costo-visa-americana\/#breadcrumb\",\"itemListElement\":[{\"@type\":\"ListItem\",\"position\":1,\"name\":\"Home\",\"item\":\"https:\/\/www.ideaymedia.com.mx\/visa\/requisitos-para-tramitar-visa-a-eu\/\"},{\"@type\":\"ListItem\",\"position\":2,\"name\":\"Costo visa americana\"}]},{\"@type\":\"WebSite\",\"@id\":\"https:\/\/www.ideaymedia.com.mx\/visa\/#website\",\"url\":\"https:\/\/www.ideaymedia.com.mx\/visa\/\",\"name\":\"Visa Americana Asesoramiento Migratorio\",\"description\":\"Visa Americana Asesoramiento Migratorio\",\"publisher\":{\"@id\":\"https:\/\/www.ideaymedia.com.mx\/visa\/#organization\"},\"potentialAction\":[{\"@type\":\"SearchAction\",\"target\":{\"@type\":\"EntryPoint\",\"urlTemplate\":\"https:\/\/www.ideaymedia.com.mx\/visa\/?s={search_term_string}\"},\"query-input\":{\"@type\":\"PropertyValueSpecification\",\"valueRequired\":true,\"valueName\":\"search_term_string\"}}],\"inLanguage\":\"en-US\"},{\"@type\":\"Organization\",\"@id\":\"https:\/\/www.ideaymedia.com.mx\/visa\/#organization\",\"name\":\"Visa Americana\",\"url\":\"https:\/\/www.ideaymedia.com.mx\/visa\/\",\"logo\":{\"@type\":\"ImageObject\",\"inLanguage\":\"en-US\",\"@id\":\"https:\/\/www.ideaymedia.com.mx\/visa\/#\/schema\/logo\/image\/\",\"url\":\"https:\/\/www.ideaymedia.com.mx\/visa\/wp-content\/uploads\/2015\/02\/Escudo-Visa-Americana.gif\",\"contentUrl\":\"https:\/\/www.ideaymedia.com.mx\/visa\/wp-content\/uploads\/2015\/02\/Escudo-Visa-Americana.gif\",\"width\":165,\"height\":165,\"caption\":\"Visa Americana\"},\"image\":{\"@id\":\"https:\/\/www.ideaymedia.com.mx\/visa\/#\/schema\/logo\/image\/\"}}]}<\/script>\n<!-- \/ Yoast SEO plugin. -->","yoast_head_json":{"title":"Costo visa americana | Visa Estados Unidos","description":"Para saber el costo visa americana y conocer el nuevo programa Visa Americana en espa\u00f1ol, haga clic aqu\u00ed para mas informacion y para efectuar su solicitud.","robots":{"index":"index","follow":"follow","max-snippet":"max-snippet:-1","max-image-preview":"max-image-preview:large","max-video-preview":"max-video-preview:-1"},"canonical":"https:\/\/www.ideaymedia.com.mx\/visa\/costo-visa-americana\/","og_locale":"en_US","og_type":"article","og_title":"Costo visa americana | Visa Estados Unidos","og_description":"Para saber el costo visa americana y conocer el nuevo programa Visa Americana en espa\u00f1ol, haga clic aqu\u00ed para mas informacion y para efectuar su solicitud.","og_url":"https:\/\/www.ideaymedia.com.mx\/visa\/costo-visa-americana\/","og_site_name":"Visa Americana Asesoramiento Migratorio","article_modified_time":"2023-08-11T19:23:35+00:00","twitter_misc":{"Est. reading time":"2 minutes"},"schema":{"@context":"https:\/\/schema.org","@graph":[{"@type":"WebPage","@id":"https:\/\/www.ideaymedia.com.mx\/visa\/costo-visa-americana\/","url":"https:\/\/www.ideaymedia.com.mx\/visa\/costo-visa-americana\/","name":"Costo visa americana | Visa Estados Unidos","isPartOf":{"@id":"https:\/\/www.ideaymedia.com.mx\/visa\/#website"},"datePublished":"2015-04-29T16:23:37+00:00","dateModified":"2023-08-11T19:23:35+00:00","description":"Para saber el costo visa americana y conocer el nuevo programa Visa Americana en espa\u00f1ol, haga clic aqu\u00ed para mas informacion y para efectuar su solicitud.","breadcrumb":{"@id":"https:\/\/www.ideaymedia.com.mx\/visa\/costo-visa-americana\/#breadcrumb"},"inLanguage":"en-US","potentialAction":[{"@type":"ReadAction","target":["https:\/\/www.ideaymedia.com.mx\/visa\/costo-visa-americana\/"]}]},{"@type":"BreadcrumbList","@id":"https:\/\/www.ideaymedia.com.mx\/visa\/costo-visa-americana\/#breadcrumb","itemListElement":[{"@type":"ListItem","position":1,"name":"Home","item":"https:\/\/www.ideaymedia.com.mx\/visa\/requisitos-para-tramitar-visa-a-eu\/"},{"@type":"ListItem","position":2,"name":"Costo visa americana"}]},{"@type":"WebSite","@id":"https:\/\/www.ideaymedia.com.mx\/visa\/#website","url":"https:\/\/www.ideaymedia.com.mx\/visa\/","name":"Visa Americana Asesoramiento Migratorio","description":"Visa Americana Asesoramiento Migratorio","publisher":{"@id":"https:\/\/www.ideaymedia.com.mx\/visa\/#organization"},"potentialAction":[{"@type":"SearchAction","target":{"@type":"EntryPoint","urlTemplate":"https:\/\/www.ideaymedia.com.mx\/visa\/?s={search_term_string}"},"query-input":{"@type":"PropertyValueSpecification","valueRequired":true,"valueName":"search_term_string"}}],"inLanguage":"en-US"},{"@type":"Organization","@id":"https:\/\/www.ideaymedia.com.mx\/visa\/#organization","name":"Visa Americana","url":"https:\/\/www.ideaymedia.com.mx\/visa\/","logo":{"@type":"ImageObject","inLanguage":"en-US","@id":"https:\/\/www.ideaymedia.com.mx\/visa\/#\/schema\/logo\/image\/","url":"https:\/\/www.ideaymedia.com.mx\/visa\/wp-content\/uploads\/2015\/02\/Escudo-Visa-Americana.gif","contentUrl":"https:\/\/www.ideaymedia.com.mx\/visa\/wp-content\/uploads\/2015\/02\/Escudo-Visa-Americana.gif","width":165,"height":165,"caption":"Visa Americana"},"image":{"@id":"https:\/\/www.ideaymedia.com.mx\/visa\/#\/schema\/logo\/image\/"}}]}},"_links":{"self":[{"href":"https:\/\/www.ideaymedia.com.mx\/visa\/wp-json\/wp\/v2\/pages\/2274","targetHints":{"allow":["GET"]}}],"collection":[{"href":"https:\/\/www.ideaymedia.com.mx\/visa\/wp-json\/wp\/v2\/pages"}],"about":[{"href":"https:\/\/www.ideaymedia.com.mx\/visa\/wp-json\/wp\/v2\/types\/page"}],"author":[{"embeddable":true,"href":"https:\/\/www.ideaymedia.com.mx\/visa\/wp-json\/wp\/v2\/users\/3"}],"replies":[{"embeddable":true,"href":"https:\/\/www.ideaymedia.com.mx\/visa\/wp-json\/wp\/v2\/comments?post=2274"}],"version-history":[{"count":3,"href":"https:\/\/www.ideaymedia.com.mx\/visa\/wp-json\/wp\/v2\/pages\/2274\/revisions"}],"predecessor-version":[{"id":4901,"href":"https:\/\/www.ideaymedia.com.mx\/visa\/wp-json\/wp\/v2\/pages\/2274\/revisions\/4901"}],"wp:attachment":[{"href":"https:\/\/www.ideaymedia.com.mx\/visa\/wp-json\/wp\/v2\/media?parent=2274"}],"curies":[{"name":"wp","href":"https:\/\/api.w.org\/{rel}","templated":true}]}}